{"version":"1.0","provider_name":"Sarnano piu di quanto immagini","provider_url":"https:\/\/www.sarnanoturismo.it\/en\/","author_name":"Isabella Tomassucci","author_url":"https:\/\/www.sarnanoturismo.it\/en\/author\/isabella-tomassucci\/","title":"Sarnano al Fermo Forum per Tipicit\u00e0. Il Sindaco: \"Presenze e arrivi in aumento\" - Sarnano piu di quanto immagini","type":"rich","width":600,"height":338,"html":"<blockquote class=\"wp-embedded-content\" data-secret=\"S23IQouMxf\"><a href=\"https:\/\/www.sarnanoturismo.it\/en\/sarnano-al-fermo-forum-per-tipicita\/\">Sarnano al Fermo Forum per Tipicit\u00e0. Il Sindaco: &#8220;Presenze e arrivi in aumento&#8221;<\/a><\/blockquote><iframe sandbox=\"allow-scripts\" security=\"restricted\" src=\"https:\/\/www.sarnanoturismo.it\/en\/sarnano-al-fermo-forum-per-tipicita\/embed\/#?secret=S23IQouMxf\" width=\"600\" height=\"338\" title=\"&#8220;Sarnano al Fermo Forum per Tipicit\u00e0. Il Sindaco: &#8220;Presenze e arrivi in aumento&#8221;&#8221; &#8212; Sarnano piu di quanto immagini\" data-secret=\"S23IQouMxf\" frameborder=\"0\" marginwidth=\"0\" marginheight=\"0\" scrolling=\"no\" class=\"wp-embedded-content\"><\/iframe><script>\n\/*! This file is auto-generated *\/\n!function(d,l){\"use strict\";l.querySelector&&d.addEventListener&&\"undefined\"!=typeof URL&&(d.wp=d.wp||{},d.wp.receiveEmbedMessage||(d.wp.receiveEmbedMessage=function(e){var t=e.data;if((t||t.secret||t.message||t.value)&&!\/[^a-zA-Z0-9]\/.test(t.secret)){for(var s,r,n,a=l.querySelectorAll('iframe[data-secret=\"'+t.secret+'\"]'),o=l.querySelectorAll('blockquote[data-secret=\"'+t.secret+'\"]'),c=new RegExp(\"^https?:$\",\"i\"),i=0;i<o.length;i++)o[i].style.display=\"none\";for(i=0;i<a.length;i++)s=a[i],e.source===s.contentWindow&&(s.removeAttribute(\"style\"),\"height\"===t.message?(1e3<(r=parseInt(t.value,10))?r=1e3:~~r<200&&(r=200),s.height=r):\"link\"===t.message&&(r=new URL(s.getAttribute(\"src\")),n=new URL(t.value),c.test(n.protocol))&&n.host===r.host&&l.activeElement===s&&(d.top.location.href=t.value))}},d.addEventListener(\"message\",d.wp.receiveEmbedMessage,!1),l.addEventListener(\"DOMContentLoaded\",function(){for(var e,t,s=l.querySelectorAll(\"iframe.wp-embedded-content\"),r=0;r<s.length;r++)(t=(e=s[r]).getAttribute(\"data-secret\"))||(t=Math.random().toString(36).substring(2,12),e.src+=\"#?secret=\"+t,e.setAttribute(\"data-secret\",t)),e.contentWindow.postMessage({message:\"ready\",secret:t},\"*\")},!1)))}(window,document);\n\/\/# sourceURL=https:\/\/www.sarnanoturismo.it\/wp-includes\/js\/wp-embed.min.js\n<\/script>\n","thumbnail_url":"https:\/\/www.sarnanoturismo.it\/wp-content\/uploads\/2023\/03\/tipicita-2023.jpg","thumbnail_width":2084,"thumbnail_height":1080,"description":"Da sabato 11 a luned\u00ec 13 marzo, il Comune di Sarnano \u00e8 stato presente al Fermo Forum per la trentunesima edizione di Tipicit\u00e0 Festival, con un desk allestito presso lo stand dei Borghi Pi\u00f9 Belli d\u2019Italia delle Marche. Ecco l'intervista al Sindaco Luca Piergentili."}

Sarnano al Fermo Forum per Tipicità. Il Sindaco: "Presenze e arrivi in aumento" - Sarnano piu di quanto immagini

<blockquote class="wp-embedded-content" data-secret="S23IQouMxf"><a href="https://www.sarnanoturismo.it/en/sarnano-al-fermo-forum-per-tipicita/">Sarnano al Fermo Forum per Tipicità. Il Sindaco: &#8220;Presenze e arrivi in aumento&#8221;</a></blockquote><iframe sandbox="allow-scripts" security="restricted" src="https://www.sarnanoturismo.it/en/sarnano-al-fermo-forum-per-tipicita/embed/#?secret=S23IQouMxf" width="600" height="338" title="&#8220;Sarnano al Fermo Forum per Tipicità. Il Sindaco: &#8220;Presenze e arrivi in aumento&#8221;&#8221; &#8212; Sarnano piu di quanto immagini" data-secret="S23IQouMxf" frameborder="0" marginwidth="0" marginheight="0" scrolling="no" class="wp-embedded-content"></iframe><script>
/*! This file is auto-generated */
!function(d,l){"use strict";l.querySelector&&d.addEventListener&&"undefined"!=typeof URL&&(d.wp=d.wp||{},d.wp.receiveEmbedMessage||(d.wp.receiveEmbedMessage=function(e){var t=e.data;if((t||t.secret||t.message||t.value)&&!/[^a-zA-Z0-9]/.test(t.secret)){for(var s,r,n,a=l.querySelectorAll('iframe[data-secret="'+t.secret+'"]'),o=l.querySelectorAll('blockquote[data-secret="'+t.secret+'"]'),c=new RegExp("^https?:$","i"),i=0;i<o.length;i++)o[i].style.display="none";for(i=0;i<a.length;i++)s=a[i],e.source===s.contentWindow&&(s.removeAttribute("style"),"height"===t.message?(1e3<(r=parseInt(t.value,10))?r=1e3:~~r<200&&(r=200),s.height=r):"link"===t.message&&(r=new URL(s.getAttribute("src")),n=new URL(t.value),c.test(n.protocol))&&n.host===r.host&&l.activeElement===s&&(d.top.location.href=t.value))}},d.addEventListener("message",d.wp.receiveEmbedMessage,!1),l.addEventListener("DOMContentLoaded",function(){for(var e,t,s=l.querySelectorAll("iframe.wp-embedded-content"),r=0;r<s.length;r++)(t=(e=s[r]).getAttribute("data-secret"))||(t=Math.random().toString(36).substring(2,12),e.src+="#?secret="+t,e.setAttribute("data-secret",t)),e.contentWindow.postMessage({message:"ready",secret:t},"*")},!1)))}(window,document);
//# sourceURL=https://www.sarnanoturismo.it/wp-includes/js/wp-embed.min.js
</script>

Da sabato 11 a lunedì 13 marzo, il Comune di Sarnano è stato presente al Fermo Forum per la trentunesima edizione di Tipicità Festival, con un desk allestito presso lo stand dei Borghi Più Belli d’Italia delle Marche. Ecco l'intervista al Sindaco Luca Piergentili.
