{"version":"1.0","provider_name":"Sarnano piu di quanto immagini","provider_url":"https:\/\/www.sarnanoturismo.it\/en\/","author_name":"Isabella Tomassucci","author_url":"https:\/\/www.sarnanoturismo.it\/en\/author\/isabella-tomassucci\/","title":"L\u2019incontro tra i Comuni di Noi Marche e la Regione: strategie di promozione dopo l'emergenza virus","type":"rich","width":600,"height":338,"html":"<blockquote class=\"wp-embedded-content\" data-secret=\"3KJp2EZMjp\"><a href=\"https:\/\/www.sarnanoturismo.it\/en\/sarnano-turismo-dopo-covid\/\">L\u2019incontro tra i Comuni di Noi Marche e la Regione: strategie di promozione dopo l&#8217;emergenza virus<\/a><\/blockquote><iframe sandbox=\"allow-scripts\" security=\"restricted\" src=\"https:\/\/www.sarnanoturismo.it\/en\/sarnano-turismo-dopo-covid\/embed\/#?secret=3KJp2EZMjp\" width=\"600\" height=\"338\" title=\"&#8220;L\u2019incontro tra i Comuni di Noi Marche e la Regione: strategie di promozione dopo l&#8217;emergenza virus&#8221; &#8212; Sarnano piu di quanto immagini\" data-secret=\"3KJp2EZMjp\" frameborder=\"0\" marginwidth=\"0\" marginheight=\"0\" scrolling=\"no\" class=\"wp-embedded-content\"><\/iframe><script>\n\/*! This file is auto-generated *\/\n!function(d,l){\"use strict\";l.querySelector&&d.addEventListener&&\"undefined\"!=typeof URL&&(d.wp=d.wp||{},d.wp.receiveEmbedMessage||(d.wp.receiveEmbedMessage=function(e){var t=e.data;if((t||t.secret||t.message||t.value)&&!\/[^a-zA-Z0-9]\/.test(t.secret)){for(var s,r,n,a=l.querySelectorAll('iframe[data-secret=\"'+t.secret+'\"]'),o=l.querySelectorAll('blockquote[data-secret=\"'+t.secret+'\"]'),c=new RegExp(\"^https?:$\",\"i\"),i=0;i<o.length;i++)o[i].style.display=\"none\";for(i=0;i<a.length;i++)s=a[i],e.source===s.contentWindow&&(s.removeAttribute(\"style\"),\"height\"===t.message?(1e3<(r=parseInt(t.value,10))?r=1e3:~~r<200&&(r=200),s.height=r):\"link\"===t.message&&(r=new URL(s.getAttribute(\"src\")),n=new URL(t.value),c.test(n.protocol))&&n.host===r.host&&l.activeElement===s&&(d.top.location.href=t.value))}},d.addEventListener(\"message\",d.wp.receiveEmbedMessage,!1),l.addEventListener(\"DOMContentLoaded\",function(){for(var e,t,s=l.querySelectorAll(\"iframe.wp-embedded-content\"),r=0;r<s.length;r++)(t=(e=s[r]).getAttribute(\"data-secret\"))||(t=Math.random().toString(36).substring(2,12),e.src+=\"#?secret=\"+t,e.setAttribute(\"data-secret\",t)),e.contentWindow.postMessage({message:\"ready\",secret:t},\"*\")},!1)))}(window,document);\n\/\/# sourceURL=https:\/\/www.sarnanoturismo.it\/wp-includes\/js\/wp-embed.min.js\n<\/script>\n","thumbnail_url":"https:\/\/www.sarnanoturismo.it\/wp-content\/uploads\/2016\/10\/sarnano-panorama-2.jpg","thumbnail_width":2048,"thumbnail_height":1298,"description":"Anche il Comune di Sarnano ha partecipato insieme agli altri comuni del Consorzio Noi Marche all\u2019incontro telematico con l\u2019Assessore Regionale Moreno Pieroni in merito alla ripartenza del turismo nel nostro territorio dopo l\u2019emergenza Covid. Tra le priorit\u00e0: valorizzazione delle aree interne gi\u00e0 colpite dal sisma, cicloturismo supporto al settore termale e nuove progettualit\u00e0 per la montagna."}

Anche il Comune di Sarnano ha partecipato insieme agli altri comuni del Consorzio Noi Marche all’incontro telematico con l’Assessore Regionale Moreno Pieroni in merito alla ripartenza del turismo nel nostro territorio dopo l’emergenza Covid. Tra le priorità: valorizzazione delle aree interne già colpite dal sisma, cicloturismo supporto al settore termale e nuove progettualità per la montagna.
